{"id":55,"date":"2022-01-04T11:08:05","date_gmt":"2022-01-04T10:08:05","guid":{"rendered":"http:\/\/pointdevue.pro\/?page_id=55"},"modified":"2022-01-17T15:03:53","modified_gmt":"2022-01-17T14:03:53","slug":"service-3","status":"publish","type":"page","link":"https:\/\/pointdevue.pro\/index.php\/service-3\/","title":{"rendered":"Accompagner"},"content":{"rendered":"\n<figure class=\"wp-block-image size-full is-resized\"><img loading=\"lazy\" decoding=\"async\" src=\"https:\/\/pointdevue.pro\/wp-content\/uploads\/2022\/01\/accompagner.jpg\" alt=\"\" class=\"wp-image-172\" width=\"220\" height=\"85\"\/><\/figure>\n\n\n\n<blockquote class=\"wp-block-quote is-layout-flow wp-block-quote-is-layout-flow\"><p>\u00a0\u00bb Le cri n&rsquo;est rien, seul l&rsquo;\u00e9cho retentit. \u00ab\u00a0<\/p><\/blockquote>\n\n\n\n<p>Changer le <strong><em>\u00ab\u00a0Mindset\u00a0\u00bb<\/em><\/strong> de vos collaborateurs.trices.<\/p>\n\n\n\n<p>Cr\u00e9er ou d\u00e9velopper une culture d&rsquo;entreprise o\u00f9 la bienveillance et l&rsquo;accueil de la fragilit\u00e9 deviennent une force.<br>A vos c\u00f4t\u00e9s et avec vos \u00e9quipes, Eric Payan  vous accompagne dans ce chemin, par des actions coordonn\u00e9es, par le pilotage de projet et par de  la mise en relation.<br>Son exp\u00e9rience et sa double connaissance du monde des entreprises et de l&rsquo;handicap sont \u00e0 votre service.  <br><\/p>\n","protected":false},"excerpt":{"rendered":"<p>\u00a0\u00bb Le cri n&rsquo;est rien, seul l&rsquo;\u00e9cho retentit. \u00ab\u00a0 Changer le \u00ab\u00a0Mindset\u00a0\u00bb de vos collaborateurs.trices. Cr\u00e9er ou d\u00e9velopper une culture d&rsquo;entreprise o\u00f9 la bienveillance et l&rsquo;accueil de la fragilit\u00e9 deviennent une force.A vos c\u00f4t\u00e9s et avec vos \u00e9quipes, Eric Payan vous accompagne dans ce chemin, par des actions coordonn\u00e9es, par [&hellip;]<\/p>\n","protected":false},"author":2,"featured_media":0,"parent":0,"menu_order":1,"comment_status":"closed","ping_status":"closed","template":"","meta":{"footnotes":""},"class_list":["post-55","page","type-page","status-publish","hentry"],"yoast_head":"<!-- This site is optimized with the Yoast SEO plugin v27.4 - https:\/\/yoast.com\/product\/yoast-seo-wordpress\/ -->\n<title>Accompagner - Point de vue<\/title>\n<meta name=\"robots\" content=\"index, follow, max-snippet:-1, max-image-preview:large, max-video-preview:-1\" \/>\n<link rel=\"canonical\" href=\"https:\/\/pointdevue.pro\/index.php\/service-3\/\" \/>\n<meta property=\"og:locale\" content=\"fr_FR\" \/>\n<meta property=\"og:type\" content=\"article\" \/>\n<meta property=\"og:title\" content=\"Accompagner - Point de vue\" \/>\n<meta property=\"og:description\" content=\"\u00a0\u00bb Le cri n&rsquo;est rien, seul l&rsquo;\u00e9cho retentit. \u00ab\u00a0 Changer le \u00ab\u00a0Mindset\u00a0\u00bb de vos collaborateurs.trices. Cr\u00e9er ou d\u00e9velopper une culture d&rsquo;entreprise o\u00f9 la bienveillance et l&rsquo;accueil de la fragilit\u00e9 deviennent une force.A vos c\u00f4t\u00e9s et avec vos \u00e9quipes, Eric Payan vous accompagne dans ce chemin, par des actions coordonn\u00e9es, par [&hellip;]\" \/>\n<meta property=\"og:url\" content=\"https:\/\/pointdevue.pro\/index.php\/service-3\/\" \/>\n<meta property=\"og:site_name\" content=\"Point de vue\" \/>\n<meta property=\"article:modified_time\" content=\"2022-01-17T14:03:53+00:00\" \/>\n<meta property=\"og:image\" content=\"http:\/\/pointdevue.pro\/wp-content\/uploads\/2022\/01\/accompagner.jpg\" \/>\n<meta name=\"twitter:card\" content=\"summary_large_image\" \/>\n<script type=\"application\/ld+json\" class=\"yoast-schema-graph\">{\"@context\":\"https:\\\/\\\/schema.org\",\"@graph\":[{\"@type\":\"WebPage\",\"@id\":\"https:\\\/\\\/pointdevue.pro\\\/index.php\\\/service-3\\\/\",\"url\":\"https:\\\/\\\/pointdevue.pro\\\/index.php\\\/service-3\\\/\",\"name\":\"Accompagner - Point de vue\",\"isPartOf\":{\"@id\":\"https:\\\/\\\/pointdevue.pro\\\/#website\"},\"primaryImageOfPage\":{\"@id\":\"https:\\\/\\\/pointdevue.pro\\\/index.php\\\/service-3\\\/#primaryimage\"},\"image\":{\"@id\":\"https:\\\/\\\/pointdevue.pro\\\/index.php\\\/service-3\\\/#primaryimage\"},\"thumbnailUrl\":\"http:\\\/\\\/pointdevue.pro\\\/wp-content\\\/uploads\\\/2022\\\/01\\\/accompagner.jpg\",\"datePublished\":\"2022-01-04T10:08:05+00:00\",\"dateModified\":\"2022-01-17T14:03:53+00:00\",\"breadcrumb\":{\"@id\":\"https:\\\/\\\/pointdevue.pro\\\/index.php\\\/service-3\\\/#breadcrumb\"},\"inLanguage\":\"fr-FR\",\"potentialAction\":[{\"@type\":\"ReadAction\",\"target\":[\"https:\\\/\\\/pointdevue.pro\\\/index.php\\\/service-3\\\/\"]}]},{\"@type\":\"ImageObject\",\"inLanguage\":\"fr-FR\",\"@id\":\"https:\\\/\\\/pointdevue.pro\\\/index.php\\\/service-3\\\/#primaryimage\",\"url\":\"https:\\\/\\\/pointdevue.pro\\\/wp-content\\\/uploads\\\/2022\\\/01\\\/accompagner.jpg\",\"contentUrl\":\"https:\\\/\\\/pointdevue.pro\\\/wp-content\\\/uploads\\\/2022\\\/01\\\/accompagner.jpg\",\"width\":355,\"height\":142},{\"@type\":\"BreadcrumbList\",\"@id\":\"https:\\\/\\\/pointdevue.pro\\\/index.php\\\/service-3\\\/#breadcrumb\",\"itemListElement\":[{\"@type\":\"ListItem\",\"position\":1,\"name\":\"Accueil\",\"item\":\"https:\\\/\\\/pointdevue.pro\\\/\"},{\"@type\":\"ListItem\",\"position\":2,\"name\":\"Accompagner\"}]},{\"@type\":\"WebSite\",\"@id\":\"https:\\\/\\\/pointdevue.pro\\\/#website\",\"url\":\"https:\\\/\\\/pointdevue.pro\\\/\",\"name\":\"Point de vue\",\"description\":\"Une nouvelle vision pour l&#039;inclusion\",\"publisher\":{\"@id\":\"https:\\\/\\\/pointdevue.pro\\\/#organization\"},\"potentialAction\":[{\"@type\":\"SearchAction\",\"target\":{\"@type\":\"EntryPoint\",\"urlTemplate\":\"https:\\\/\\\/pointdevue.pro\\\/?s={search_term_string}\"},\"query-input\":{\"@type\":\"PropertyValueSpecification\",\"valueRequired\":true,\"valueName\":\"search_term_string\"}}],\"inLanguage\":\"fr-FR\"},{\"@type\":\"Organization\",\"@id\":\"https:\\\/\\\/pointdevue.pro\\\/#organization\",\"name\":\"Point de vue\",\"alternateName\":\"Eric Payan\",\"url\":\"https:\\\/\\\/pointdevue.pro\\\/\",\"logo\":{\"@type\":\"ImageObject\",\"inLanguage\":\"fr-FR\",\"@id\":\"https:\\\/\\\/pointdevue.pro\\\/#\\\/schema\\\/logo\\\/image\\\/\",\"url\":\"https:\\\/\\\/pointdevue.pro\\\/wp-content\\\/uploads\\\/2022\\\/01\\\/EPN.JPG.jpg\",\"contentUrl\":\"https:\\\/\\\/pointdevue.pro\\\/wp-content\\\/uploads\\\/2022\\\/01\\\/EPN.JPG.jpg\",\"width\":1280,\"height\":853,\"caption\":\"Point de vue\"},\"image\":{\"@id\":\"https:\\\/\\\/pointdevue.pro\\\/#\\\/schema\\\/logo\\\/image\\\/\"},\"sameAs\":[\"https:\\\/\\\/www.linkedin.com\\\/in\\\/eric-payan-9365041\\\/\"]}]}<\/script>\n<!-- \/ Yoast SEO plugin. -->","yoast_head_json":{"title":"Accompagner - Point de vue","robots":{"index":"index","follow":"follow","max-snippet":"max-snippet:-1","max-image-preview":"max-image-preview:large","max-video-preview":"max-video-preview:-1"},"canonical":"https:\/\/pointdevue.pro\/index.php\/service-3\/","og_locale":"fr_FR","og_type":"article","og_title":"Accompagner - Point de vue","og_description":"\u00a0\u00bb Le cri n&rsquo;est rien, seul l&rsquo;\u00e9cho retentit. \u00ab\u00a0 Changer le \u00ab\u00a0Mindset\u00a0\u00bb de vos collaborateurs.trices. Cr\u00e9er ou d\u00e9velopper une culture d&rsquo;entreprise o\u00f9 la bienveillance et l&rsquo;accueil de la fragilit\u00e9 deviennent une force.A vos c\u00f4t\u00e9s et avec vos \u00e9quipes, Eric Payan vous accompagne dans ce chemin, par des actions coordonn\u00e9es, par [&hellip;]","og_url":"https:\/\/pointdevue.pro\/index.php\/service-3\/","og_site_name":"Point de vue","article_modified_time":"2022-01-17T14:03:53+00:00","og_image":[{"url":"http:\/\/pointdevue.pro\/wp-content\/uploads\/2022\/01\/accompagner.jpg","type":"","width":"","height":""}],"twitter_card":"summary_large_image","schema":{"@context":"https:\/\/schema.org","@graph":[{"@type":"WebPage","@id":"https:\/\/pointdevue.pro\/index.php\/service-3\/","url":"https:\/\/pointdevue.pro\/index.php\/service-3\/","name":"Accompagner - Point de vue","isPartOf":{"@id":"https:\/\/pointdevue.pro\/#website"},"primaryImageOfPage":{"@id":"https:\/\/pointdevue.pro\/index.php\/service-3\/#primaryimage"},"image":{"@id":"https:\/\/pointdevue.pro\/index.php\/service-3\/#primaryimage"},"thumbnailUrl":"http:\/\/pointdevue.pro\/wp-content\/uploads\/2022\/01\/accompagner.jpg","datePublished":"2022-01-04T10:08:05+00:00","dateModified":"2022-01-17T14:03:53+00:00","breadcrumb":{"@id":"https:\/\/pointdevue.pro\/index.php\/service-3\/#breadcrumb"},"inLanguage":"fr-FR","potentialAction":[{"@type":"ReadAction","target":["https:\/\/pointdevue.pro\/index.php\/service-3\/"]}]},{"@type":"ImageObject","inLanguage":"fr-FR","@id":"https:\/\/pointdevue.pro\/index.php\/service-3\/#primaryimage","url":"https:\/\/pointdevue.pro\/wp-content\/uploads\/2022\/01\/accompagner.jpg","contentUrl":"https:\/\/pointdevue.pro\/wp-content\/uploads\/2022\/01\/accompagner.jpg","width":355,"height":142},{"@type":"BreadcrumbList","@id":"https:\/\/pointdevue.pro\/index.php\/service-3\/#breadcrumb","itemListElement":[{"@type":"ListItem","position":1,"name":"Accueil","item":"https:\/\/pointdevue.pro\/"},{"@type":"ListItem","position":2,"name":"Accompagner"}]},{"@type":"WebSite","@id":"https:\/\/pointdevue.pro\/#website","url":"https:\/\/pointdevue.pro\/","name":"Point de vue","description":"Une nouvelle vision pour l&#039;inclusion","publisher":{"@id":"https:\/\/pointdevue.pro\/#organization"},"potentialAction":[{"@type":"SearchAction","target":{"@type":"EntryPoint","urlTemplate":"https:\/\/pointdevue.pro\/?s={search_term_string}"},"query-input":{"@type":"PropertyValueSpecification","valueRequired":true,"valueName":"search_term_string"}}],"inLanguage":"fr-FR"},{"@type":"Organization","@id":"https:\/\/pointdevue.pro\/#organization","name":"Point de vue","alternateName":"Eric Payan","url":"https:\/\/pointdevue.pro\/","logo":{"@type":"ImageObject","inLanguage":"fr-FR","@id":"https:\/\/pointdevue.pro\/#\/schema\/logo\/image\/","url":"https:\/\/pointdevue.pro\/wp-content\/uploads\/2022\/01\/EPN.JPG.jpg","contentUrl":"https:\/\/pointdevue.pro\/wp-content\/uploads\/2022\/01\/EPN.JPG.jpg","width":1280,"height":853,"caption":"Point de vue"},"image":{"@id":"https:\/\/pointdevue.pro\/#\/schema\/logo\/image\/"},"sameAs":["https:\/\/www.linkedin.com\/in\/eric-payan-9365041\/"]}]}},"jetpack_sharing_enabled":true,"_links":{"self":[{"href":"https:\/\/pointdevue.pro\/index.php\/wp-json\/wp\/v2\/pages\/55","targetHints":{"allow":["GET"]}}],"collection":[{"href":"https:\/\/pointdevue.pro\/index.php\/wp-json\/wp\/v2\/pages"}],"about":[{"href":"https:\/\/pointdevue.pro\/index.php\/wp-json\/wp\/v2\/types\/page"}],"author":[{"embeddable":true,"href":"https:\/\/pointdevue.pro\/index.php\/wp-json\/wp\/v2\/users\/2"}],"replies":[{"embeddable":true,"href":"https:\/\/pointdevue.pro\/index.php\/wp-json\/wp\/v2\/comments?post=55"}],"version-history":[{"count":7,"href":"https:\/\/pointdevue.pro\/index.php\/wp-json\/wp\/v2\/pages\/55\/revisions"}],"predecessor-version":[{"id":201,"href":"https:\/\/pointdevue.pro\/index.php\/wp-json\/wp\/v2\/pages\/55\/revisions\/201"}],"wp:attachment":[{"href":"https:\/\/pointdevue.pro\/index.php\/wp-json\/wp\/v2\/media?parent=55"}],"curies":[{"name":"wp","href":"https:\/\/api.w.org\/{rel}","templated":true}]}}

<figure class="wp-block-image size-full is-resized"><img loading="lazy" decoding="async" src="https://pointdevue.pro/wp-content/uploads/2022/01/accompagner.jpg" alt="" class="wp-image-172" width="220" height="85"/></figure>



<blockquote class="wp-block-quote is-layout-flow wp-block-quote-is-layout-flow"><p> » Le cri n&rsquo;est rien, seul l&rsquo;écho retentit. « </p></blockquote>



<p>Changer le <strong><em>« Mindset »</em></strong> de vos collaborateurs.trices.</p>



<p>Créer ou développer une culture d&rsquo;entreprise où la bienveillance et l&rsquo;accueil de la fragilité deviennent une force.<br>A vos côtés et avec vos équipes, Eric Payan  vous accompagne dans ce chemin, par des actions coordonnées, par le pilotage de projet et par de  la mise en relation.<br>Son expérience et sa double connaissance du monde des entreprises et de l&rsquo;handicap sont à votre service.  <br></p>

<p> » Le cri n&rsquo;est rien, seul l&rsquo;écho retentit. «  Changer le « Mindset » de vos collaborateurs.trices. Créer ou développer une culture d&rsquo;entreprise où la bienveillance et l&rsquo;accueil de la fragilité deviennent une force.A vos côtés et avec vos équipes, Eric Payan vous accompagne dans ce chemin, par des actions coordonnées, par [&hellip;]</p>

<!-- This site is optimized with the Yoast SEO plugin v27.4 - https://yoast.com/product/yoast-seo-wordpress/ -->
<title>Accompagner - Point de vue</title>
<meta name="robots" content="index, follow, max-snippet:-1, max-image-preview:large, max-video-preview:-1" />
<link rel="canonical" href="https://pointdevue.pro/index.php/service-3/" />
<meta property="og:locale" content="fr_FR" />
<meta property="og:type" content="article" />
<meta property="og:title" content="Accompagner - Point de vue" />
<meta property="og:description" content=" » Le cri n&rsquo;est rien, seul l&rsquo;écho retentit. «  Changer le « Mindset » de vos collaborateurs.trices. Créer ou développer une culture d&rsquo;entreprise où la bienveillance et l&rsquo;accueil de la fragilité deviennent une force.A vos côtés et avec vos équipes, Eric Payan vous accompagne dans ce chemin, par des actions coordonnées, par [&hellip;]" />
<meta property="og:url" content="https://pointdevue.pro/index.php/service-3/" />
<meta property="og:site_name" content="Point de vue" />
<meta property="article:modified_time" content="2022-01-17T14:03:53+00:00" />
<meta property="og:image" content="http://pointdevue.pro/wp-content/uploads/2022/01/accompagner.jpg" />
<meta name="twitter:card" content="summary_large_image" />
<script type="application/ld+json" class="yoast-schema-graph">{"@context":"https:\/\/schema.org","@graph":[{"@type":"WebPage","@id":"https:\/\/pointdevue.pro\/index.php\/service-3\/","url":"https:\/\/pointdevue.pro\/index.php\/service-3\/","name":"Accompagner - Point de vue","isPartOf":{"@id":"https:\/\/pointdevue.pro\/#website"},"primaryImageOfPage":{"@id":"https:\/\/pointdevue.pro\/index.php\/service-3\/#primaryimage"},"image":{"@id":"https:\/\/pointdevue.pro\/index.php\/service-3\/#primaryimage"},"thumbnailUrl":"http:\/\/pointdevue.pro\/wp-content\/uploads\/2022\/01\/accompagner.jpg","datePublished":"2022-01-04T10:08:05+00:00","dateModified":"2022-01-17T14:03:53+00:00","breadcrumb":{"@id":"https:\/\/pointdevue.pro\/index.php\/service-3\/#breadcrumb"},"inLanguage":"fr-FR","potentialAction":[{"@type":"ReadAction","target":["https:\/\/pointdevue.pro\/index.php\/service-3\/"]}]},{"@type":"ImageObject","inLanguage":"fr-FR","@id":"https:\/\/pointdevue.pro\/index.php\/service-3\/#primaryimage","url":"https:\/\/pointdevue.pro\/wp-content\/uploads\/2022\/01\/accompagner.jpg","contentUrl":"https:\/\/pointdevue.pro\/wp-content\/uploads\/2022\/01\/accompagner.jpg","width":355,"height":142},{"@type":"BreadcrumbList","@id":"https:\/\/pointdevue.pro\/index.php\/service-3\/#breadcrumb","itemListElement":[{"@type":"ListItem","position":1,"name":"Accueil","item":"https:\/\/pointdevue.pro\/"},{"@type":"ListItem","position":2,"name":"Accompagner"}]},{"@type":"WebSite","@id":"https:\/\/pointdevue.pro\/#website","url":"https:\/\/pointdevue.pro\/","name":"Point de vue","description":"Une nouvelle vision pour l&#039;inclusion","publisher":{"@id":"https:\/\/pointdevue.pro\/#organization"},"potentialAction":[{"@type":"SearchAction","target":{"@type":"EntryPoint","urlTemplate":"https:\/\/pointdevue.pro\/?s={search_term_string}"},"query-input":{"@type":"PropertyValueSpecification","valueRequired":true,"valueName":"search_term_string"}}],"inLanguage":"fr-FR"},{"@type":"Organization","@id":"https:\/\/pointdevue.pro\/#organization","name":"Point de vue","alternateName":"Eric Payan","url":"https:\/\/pointdevue.pro\/","logo":{"@type":"ImageObject","inLanguage":"fr-FR","@id":"https:\/\/pointdevue.pro\/#\/schema\/logo\/image\/","url":"https:\/\/pointdevue.pro\/wp-content\/uploads\/2022\/01\/EPN.JPG.jpg","contentUrl":"https:\/\/pointdevue.pro\/wp-content\/uploads\/2022\/01\/EPN.JPG.jpg","width":1280,"height":853,"caption":"Point de vue"},"image":{"@id":"https:\/\/pointdevue.pro\/#\/schema\/logo\/image\/"},"sameAs":["https:\/\/www.linkedin.com\/in\/eric-payan-9365041\/"]}]}</script>
<!-- / Yoast SEO plugin. -->

» Le cri n&rsquo;est rien, seul l&rsquo;écho retentit. «  Changer le « Mindset » de vos collaborateurs.trices. Créer ou développer une culture d&rsquo;entreprise où la bienveillance et l&rsquo;accueil de la fragilité deviennent une force.A vos côtés et avec vos équipes, Eric Payan vous accompagne dans ce chemin, par des actions coordonnées, par [&hellip;]
