{"id":210,"date":"2022-03-02T19:42:26","date_gmt":"2022-03-02T18:42:26","guid":{"rendered":"http:\/\/pointdevue.pro\/?page_id=210"},"modified":"2024-03-15T16:19:46","modified_gmt":"2024-03-15T15:19:46","slug":"mes-services","status":"publish","type":"page","link":"https:\/\/pointdevue.pro\/index.php\/mes-services\/","title":{"rendered":"Mes services"},"content":{"rendered":"\n<h2 class=\"wp-block-heading\">Les conf\u00e9rences Point de vue<\/h2>\n\n\n\n<p><strong>\u00ab\u00a0Moi fragile et toi ?\u00a0\u00bb<\/strong><br>Cette conf\u00e9rence a pour th\u00e9matique principale le d\u00e9passement de soi.<br>En relatant sa double exp\u00e9rience de d\u00e9ficient visuel et de ex-cadre sup\u00e9rieur de l&rsquo;industrie, Eric Payan montre en 3 cl\u00e9s, les leviers qui permettent le d\u00e9passement de soi.<br>Une conf\u00e9rence forte en \u00e9motion et impactante et non moins inspirante.<br>Dur\u00e9e : 40 Mn Max.<br>Public : Tous les employ\u00e9s d&rsquo;une entreprise<br>Nbr personne : Illimit\u00e9e<\/p>\n\n\n\n<p><strong>\u00ab\u00a0CAP ou pas CAP de recruter HANDI?\u00a0\u00bb<\/strong><br>La th\u00e9matique principale de cette conf\u00e9rence est sensibiliser \u00e0 l&#8217;emploi des personnes en situation de handicap.<br>Fort de ses exp\u00e9riences, Eric Payan d\u00e9montre \u00e0 quel point recruter une personne en situation de handicap est b\u00e9n\u00e9fique pour les entreprises.<br>Sa punch line : \u00ab\u00a0A comp\u00e9tences et exp\u00e9riences \u00e9gales, il est pr\u00e9f\u00e9rable, pour une entreprise, de recruter une personne en situation de handicap\u00a0\u00bb ne vous laissera pas indiff\u00e9rent. Et ce n&rsquo;est que le d\u00e9but de cette conf\u00e9rence !<br>Dur\u00e9e : 40 mn max.<br>Public : Dirigeants, managers, recruteurs.<br>Nbr personne : Illimit\u00e9e<br> <\/p>\n\n\n\n<h2 class=\"wp-block-heading\">Les ateliers Point de vue<\/h2>\n\n\n\n<p><strong>Viens et vois, entre dans le monde des d\u00e9ficients visuels.<\/strong><\/p>\n\n\n\n<p>Cet atelier permet de d\u00e9couvrir la d\u00e9ficience visuelle, au travers de l&rsquo;utilisation de lunettes simulant diff\u00e9rentes pathologies et l&rsquo;utilisation de l&rsquo;outil num\u00e9rique.<br>Ludique, les participants, apr\u00e8s avoir chauss\u00e9s les lunettes doivent d\u00e9couvrir la solution d&rsquo;une \u00e9nigme, en ouvrant et en lisant des courriels.<br>Le travail en \u00e9quipe est tr\u00e8s recommand\u00e9 pour trouver la solution dans le temps imparti !<br>Dur\u00e9e : 30 mn<br>Public : tous les salari\u00e9s<br>Nbr de personne : 9 personnes par groupe, cet atelier peut se d\u00e9rouler sur une 1\/2 journ\u00e9e (6 groupes) ou sur 1 journ\u00e9e (12 groupes) <br>Ressources : Mise \u00e0 disposition de 4 \u00e0 9 PC portables avec acc\u00e8s \u00e0 une messagerie.<\/p>\n\n\n\n<p><\/p>\n\n\n\n<h2 class=\"wp-block-heading\"><strong>La formation Point de vue<\/strong><\/h2>\n\n\n\n<p><strong>Formation : Les cl\u00e9s pour  convaincre les entreprises \u00e7 recruter des PSH<\/strong><br><br>Cette formation de <strong>3 jours <\/strong>est destin\u00e9e aux personnes en charge du recrutement, du placement et de l&#8217;emploi de personnes en situation de handicap.<br><br>crit\u00e8res diff\u00e9renciant : Le jour 3 est un jeu de r\u00f4le avec simulation d&rsquo;entretien avec des personnes cl\u00e9s de l&rsquo;entreprise.<br><br><strong>Formation sur mesure<\/strong><br><br>En fonction de vos besoins, une formation peut \u00eatre mis en place sur la base de votre cahier des charges<br><br><\/p>\n","protected":false},"excerpt":{"rendered":"<p>Les conf\u00e9rences Point de vue \u00ab\u00a0Moi fragile et toi ?\u00a0\u00bbCette conf\u00e9rence a pour th\u00e9matique principale le d\u00e9passement de soi.En relatant sa double exp\u00e9rience de d\u00e9ficient visuel et de ex-cadre sup\u00e9rieur de l&rsquo;industrie, Eric Payan montre en 3 cl\u00e9s, les leviers qui permettent le d\u00e9passement de soi.Une conf\u00e9rence forte en \u00e9motion [&hellip;]<\/p>\n","protected":false},"author":1,"featured_media":0,"parent":0,"menu_order":0,"comment_status":"closed","ping_status":"closed","template":"","meta":{"footnotes":""},"class_list":["post-210","page","type-page","status-publish","hentry"],"yoast_head":"<!-- This site is optimized with the Yoast SEO plugin v27.4 - https:\/\/yoast.com\/product\/yoast-seo-wordpress\/ -->\n<title>Mes services - Point de vue<\/title>\n<meta name=\"robots\" content=\"index, follow, max-snippet:-1, max-image-preview:large, max-video-preview:-1\" \/>\n<link rel=\"canonical\" href=\"https:\/\/pointdevue.pro\/index.php\/mes-services\/\" \/>\n<meta property=\"og:locale\" content=\"fr_FR\" \/>\n<meta property=\"og:type\" content=\"article\" \/>\n<meta property=\"og:title\" content=\"Mes services - Point de vue\" \/>\n<meta property=\"og:description\" content=\"Les conf\u00e9rences Point de vue \u00ab\u00a0Moi fragile et toi ?\u00a0\u00bbCette conf\u00e9rence a pour th\u00e9matique principale le d\u00e9passement de soi.En relatant sa double exp\u00e9rience de d\u00e9ficient visuel et de ex-cadre sup\u00e9rieur de l&rsquo;industrie, Eric Payan montre en 3 cl\u00e9s, les leviers qui permettent le d\u00e9passement de soi.Une conf\u00e9rence forte en \u00e9motion [&hellip;]\" \/>\n<meta property=\"og:url\" content=\"https:\/\/pointdevue.pro\/index.php\/mes-services\/\" \/>\n<meta property=\"og:site_name\" content=\"Point de vue\" \/>\n<meta property=\"article:modified_time\" content=\"2024-03-15T15:19:46+00:00\" \/>\n<meta property=\"og:image\" content=\"https:\/\/pointdevue.pro\/wp-content\/uploads\/2024\/11\/LOGO-LINKEDIN-1.png\" \/>\n\t<meta property=\"og:image:width\" content=\"563\" \/>\n\t<meta property=\"og:image:height\" content=\"270\" \/>\n\t<meta property=\"og:image:type\" content=\"image\/png\" \/>\n<meta name=\"twitter:card\" content=\"summary_large_image\" \/>\n<meta name=\"twitter:label1\" content=\"Dur\u00e9e de lecture estim\u00e9e\" \/>\n\t<meta name=\"twitter:data1\" content=\"2 minutes\" \/>\n<script type=\"application\/ld+json\" class=\"yoast-schema-graph\">{\"@context\":\"https:\\\/\\\/schema.org\",\"@graph\":[{\"@type\":\"WebPage\",\"@id\":\"https:\\\/\\\/pointdevue.pro\\\/index.php\\\/mes-services\\\/\",\"url\":\"https:\\\/\\\/pointdevue.pro\\\/index.php\\\/mes-services\\\/\",\"name\":\"Mes services - Point de vue\",\"isPartOf\":{\"@id\":\"https:\\\/\\\/pointdevue.pro\\\/#website\"},\"datePublished\":\"2022-03-02T18:42:26+00:00\",\"dateModified\":\"2024-03-15T15:19:46+00:00\",\"breadcrumb\":{\"@id\":\"https:\\\/\\\/pointdevue.pro\\\/index.php\\\/mes-services\\\/#breadcrumb\"},\"inLanguage\":\"fr-FR\",\"potentialAction\":[{\"@type\":\"ReadAction\",\"target\":[\"https:\\\/\\\/pointdevue.pro\\\/index.php\\\/mes-services\\\/\"]}]},{\"@type\":\"BreadcrumbList\",\"@id\":\"https:\\\/\\\/pointdevue.pro\\\/index.php\\\/mes-services\\\/#breadcrumb\",\"itemListElement\":[{\"@type\":\"ListItem\",\"position\":1,\"name\":\"Accueil\",\"item\":\"https:\\\/\\\/pointdevue.pro\\\/\"},{\"@type\":\"ListItem\",\"position\":2,\"name\":\"Mes services\"}]},{\"@type\":\"WebSite\",\"@id\":\"https:\\\/\\\/pointdevue.pro\\\/#website\",\"url\":\"https:\\\/\\\/pointdevue.pro\\\/\",\"name\":\"Point de vue\",\"description\":\"Une nouvelle vision pour l&#039;inclusion\",\"publisher\":{\"@id\":\"https:\\\/\\\/pointdevue.pro\\\/#organization\"},\"potentialAction\":[{\"@type\":\"SearchAction\",\"target\":{\"@type\":\"EntryPoint\",\"urlTemplate\":\"https:\\\/\\\/pointdevue.pro\\\/?s={search_term_string}\"},\"query-input\":{\"@type\":\"PropertyValueSpecification\",\"valueRequired\":true,\"valueName\":\"search_term_string\"}}],\"inLanguage\":\"fr-FR\"},{\"@type\":\"Organization\",\"@id\":\"https:\\\/\\\/pointdevue.pro\\\/#organization\",\"name\":\"Point de vue\",\"alternateName\":\"Eric Payan\",\"url\":\"https:\\\/\\\/pointdevue.pro\\\/\",\"logo\":{\"@type\":\"ImageObject\",\"inLanguage\":\"fr-FR\",\"@id\":\"https:\\\/\\\/pointdevue.pro\\\/#\\\/schema\\\/logo\\\/image\\\/\",\"url\":\"https:\\\/\\\/pointdevue.pro\\\/wp-content\\\/uploads\\\/2022\\\/01\\\/EPN.JPG.jpg\",\"contentUrl\":\"https:\\\/\\\/pointdevue.pro\\\/wp-content\\\/uploads\\\/2022\\\/01\\\/EPN.JPG.jpg\",\"width\":1280,\"height\":853,\"caption\":\"Point de vue\"},\"image\":{\"@id\":\"https:\\\/\\\/pointdevue.pro\\\/#\\\/schema\\\/logo\\\/image\\\/\"},\"sameAs\":[\"https:\\\/\\\/www.linkedin.com\\\/in\\\/eric-payan-9365041\\\/\"]}]}<\/script>\n<!-- \/ Yoast SEO plugin. -->","yoast_head_json":{"title":"Mes services - Point de vue","robots":{"index":"index","follow":"follow","max-snippet":"max-snippet:-1","max-image-preview":"max-image-preview:large","max-video-preview":"max-video-preview:-1"},"canonical":"https:\/\/pointdevue.pro\/index.php\/mes-services\/","og_locale":"fr_FR","og_type":"article","og_title":"Mes services - Point de vue","og_description":"Les conf\u00e9rences Point de vue \u00ab\u00a0Moi fragile et toi ?\u00a0\u00bbCette conf\u00e9rence a pour th\u00e9matique principale le d\u00e9passement de soi.En relatant sa double exp\u00e9rience de d\u00e9ficient visuel et de ex-cadre sup\u00e9rieur de l&rsquo;industrie, Eric Payan montre en 3 cl\u00e9s, les leviers qui permettent le d\u00e9passement de soi.Une conf\u00e9rence forte en \u00e9motion [&hellip;]","og_url":"https:\/\/pointdevue.pro\/index.php\/mes-services\/","og_site_name":"Point de vue","article_modified_time":"2024-03-15T15:19:46+00:00","og_image":[{"width":563,"height":270,"url":"https:\/\/pointdevue.pro\/wp-content\/uploads\/2024\/11\/LOGO-LINKEDIN-1.png","type":"image\/png"}],"twitter_card":"summary_large_image","twitter_misc":{"Dur\u00e9e de lecture estim\u00e9e":"2 minutes"},"schema":{"@context":"https:\/\/schema.org","@graph":[{"@type":"WebPage","@id":"https:\/\/pointdevue.pro\/index.php\/mes-services\/","url":"https:\/\/pointdevue.pro\/index.php\/mes-services\/","name":"Mes services - Point de vue","isPartOf":{"@id":"https:\/\/pointdevue.pro\/#website"},"datePublished":"2022-03-02T18:42:26+00:00","dateModified":"2024-03-15T15:19:46+00:00","breadcrumb":{"@id":"https:\/\/pointdevue.pro\/index.php\/mes-services\/#breadcrumb"},"inLanguage":"fr-FR","potentialAction":[{"@type":"ReadAction","target":["https:\/\/pointdevue.pro\/index.php\/mes-services\/"]}]},{"@type":"BreadcrumbList","@id":"https:\/\/pointdevue.pro\/index.php\/mes-services\/#breadcrumb","itemListElement":[{"@type":"ListItem","position":1,"name":"Accueil","item":"https:\/\/pointdevue.pro\/"},{"@type":"ListItem","position":2,"name":"Mes services"}]},{"@type":"WebSite","@id":"https:\/\/pointdevue.pro\/#website","url":"https:\/\/pointdevue.pro\/","name":"Point de vue","description":"Une nouvelle vision pour l&#039;inclusion","publisher":{"@id":"https:\/\/pointdevue.pro\/#organization"},"potentialAction":[{"@type":"SearchAction","target":{"@type":"EntryPoint","urlTemplate":"https:\/\/pointdevue.pro\/?s={search_term_string}"},"query-input":{"@type":"PropertyValueSpecification","valueRequired":true,"valueName":"search_term_string"}}],"inLanguage":"fr-FR"},{"@type":"Organization","@id":"https:\/\/pointdevue.pro\/#organization","name":"Point de vue","alternateName":"Eric Payan","url":"https:\/\/pointdevue.pro\/","logo":{"@type":"ImageObject","inLanguage":"fr-FR","@id":"https:\/\/pointdevue.pro\/#\/schema\/logo\/image\/","url":"https:\/\/pointdevue.pro\/wp-content\/uploads\/2022\/01\/EPN.JPG.jpg","contentUrl":"https:\/\/pointdevue.pro\/wp-content\/uploads\/2022\/01\/EPN.JPG.jpg","width":1280,"height":853,"caption":"Point de vue"},"image":{"@id":"https:\/\/pointdevue.pro\/#\/schema\/logo\/image\/"},"sameAs":["https:\/\/www.linkedin.com\/in\/eric-payan-9365041\/"]}]}},"jetpack_sharing_enabled":true,"_links":{"self":[{"href":"https:\/\/pointdevue.pro\/index.php\/wp-json\/wp\/v2\/pages\/210","targetHints":{"allow":["GET"]}}],"collection":[{"href":"https:\/\/pointdevue.pro\/index.php\/wp-json\/wp\/v2\/pages"}],"about":[{"href":"https:\/\/pointdevue.pro\/index.php\/wp-json\/wp\/v2\/types\/page"}],"author":[{"embeddable":true,"href":"https:\/\/pointdevue.pro\/index.php\/wp-json\/wp\/v2\/users\/1"}],"replies":[{"embeddable":true,"href":"https:\/\/pointdevue.pro\/index.php\/wp-json\/wp\/v2\/comments?post=210"}],"version-history":[{"count":5,"href":"https:\/\/pointdevue.pro\/index.php\/wp-json\/wp\/v2\/pages\/210\/revisions"}],"predecessor-version":[{"id":383,"href":"https:\/\/pointdevue.pro\/index.php\/wp-json\/wp\/v2\/pages\/210\/revisions\/383"}],"wp:attachment":[{"href":"https:\/\/pointdevue.pro\/index.php\/wp-json\/wp\/v2\/media?parent=210"}],"curies":[{"name":"wp","href":"https:\/\/api.w.org\/{rel}","templated":true}]}}

<h2 class="wp-block-heading">Les conférences Point de vue</h2>



<p><strong>« Moi fragile et toi ? »</strong><br>Cette conférence a pour thématique principale le dépassement de soi.<br>En relatant sa double expérience de déficient visuel et de ex-cadre supérieur de l&rsquo;industrie, Eric Payan montre en 3 clés, les leviers qui permettent le dépassement de soi.<br>Une conférence forte en émotion et impactante et non moins inspirante.<br>Durée : 40 Mn Max.<br>Public : Tous les employés d&rsquo;une entreprise<br>Nbr personne : Illimitée</p>



<p><strong>« CAP ou pas CAP de recruter HANDI? »</strong><br>La thématique principale de cette conférence est sensibiliser à l&#8217;emploi des personnes en situation de handicap.<br>Fort de ses expériences, Eric Payan démontre à quel point recruter une personne en situation de handicap est bénéfique pour les entreprises.<br>Sa punch line : « A compétences et expériences égales, il est préférable, pour une entreprise, de recruter une personne en situation de handicap » ne vous laissera pas indifférent. Et ce n&rsquo;est que le début de cette conférence !<br>Durée : 40 mn max.<br>Public : Dirigeants, managers, recruteurs.<br>Nbr personne : Illimitée<br> </p>



<h2 class="wp-block-heading">Les ateliers Point de vue</h2>



<p><strong>Viens et vois, entre dans le monde des déficients visuels.</strong></p>



<p>Cet atelier permet de découvrir la déficience visuelle, au travers de l&rsquo;utilisation de lunettes simulant différentes pathologies et l&rsquo;utilisation de l&rsquo;outil numérique.<br>Ludique, les participants, après avoir chaussés les lunettes doivent découvrir la solution d&rsquo;une énigme, en ouvrant et en lisant des courriels.<br>Le travail en équipe est très recommandé pour trouver la solution dans le temps imparti !<br>Durée : 30 mn<br>Public : tous les salariés<br>Nbr de personne : 9 personnes par groupe, cet atelier peut se dérouler sur une 1/2 journée (6 groupes) ou sur 1 journée (12 groupes) <br>Ressources : Mise à disposition de 4 à 9 PC portables avec accès à une messagerie.</p>



<p></p>



<h2 class="wp-block-heading"><strong>La formation Point de vue</strong></h2>



<p><strong>Formation : Les clés pour  convaincre les entreprises ç recruter des PSH</strong><br><br>Cette formation de <strong>3 jours </strong>est destinée aux personnes en charge du recrutement, du placement et de l&#8217;emploi de personnes en situation de handicap.<br><br>critères différenciant : Le jour 3 est un jeu de rôle avec simulation d&rsquo;entretien avec des personnes clés de l&rsquo;entreprise.<br><br><strong>Formation sur mesure</strong><br><br>En fonction de vos besoins, une formation peut être mis en place sur la base de votre cahier des charges<br><br></p>

<p>Les conférences Point de vue « Moi fragile et toi ? »Cette conférence a pour thématique principale le dépassement de soi.En relatant sa double expérience de déficient visuel et de ex-cadre supérieur de l&rsquo;industrie, Eric Payan montre en 3 clés, les leviers qui permettent le dépassement de soi.Une conférence forte en émotion [&hellip;]</p>

<!-- This site is optimized with the Yoast SEO plugin v27.4 - https://yoast.com/product/yoast-seo-wordpress/ -->
<title>Mes services - Point de vue</title>
<meta name="robots" content="index, follow, max-snippet:-1, max-image-preview:large, max-video-preview:-1" />
<link rel="canonical" href="https://pointdevue.pro/index.php/mes-services/" />
<meta property="og:locale" content="fr_FR" />
<meta property="og:type" content="article" />
<meta property="og:title" content="Mes services - Point de vue" />
<meta property="og:description" content="Les conférences Point de vue « Moi fragile et toi ? »Cette conférence a pour thématique principale le dépassement de soi.En relatant sa double expérience de déficient visuel et de ex-cadre supérieur de l&rsquo;industrie, Eric Payan montre en 3 clés, les leviers qui permettent le dépassement de soi.Une conférence forte en émotion [&hellip;]" />
<meta property="og:url" content="https://pointdevue.pro/index.php/mes-services/" />
<meta property="og:site_name" content="Point de vue" />
<meta property="article:modified_time" content="2024-03-15T15:19:46+00:00" />
<meta property="og:image" content="https://pointdevue.pro/wp-content/uploads/2024/11/LOGO-LINKEDIN-1.png" />
	<meta property="og:image:width" content="563" />
	<meta property="og:image:height" content="270" />
	<meta property="og:image:type" content="image/png" />
<meta name="twitter:card" content="summary_large_image" />
<meta name="twitter:label1" content="Durée de lecture estimée" />
	<meta name="twitter:data1" content="2 minutes" />
<script type="application/ld+json" class="yoast-schema-graph">{"@context":"https:\/\/schema.org","@graph":[{"@type":"WebPage","@id":"https:\/\/pointdevue.pro\/index.php\/mes-services\/","url":"https:\/\/pointdevue.pro\/index.php\/mes-services\/","name":"Mes services - Point de vue","isPartOf":{"@id":"https:\/\/pointdevue.pro\/#website"},"datePublished":"2022-03-02T18:42:26+00:00","dateModified":"2024-03-15T15:19:46+00:00","breadcrumb":{"@id":"https:\/\/pointdevue.pro\/index.php\/mes-services\/#breadcrumb"},"inLanguage":"fr-FR","potentialAction":[{"@type":"ReadAction","target":["https:\/\/pointdevue.pro\/index.php\/mes-services\/"]}]},{"@type":"BreadcrumbList","@id":"https:\/\/pointdevue.pro\/index.php\/mes-services\/#breadcrumb","itemListElement":[{"@type":"ListItem","position":1,"name":"Accueil","item":"https:\/\/pointdevue.pro\/"},{"@type":"ListItem","position":2,"name":"Mes services"}]},{"@type":"WebSite","@id":"https:\/\/pointdevue.pro\/#website","url":"https:\/\/pointdevue.pro\/","name":"Point de vue","description":"Une nouvelle vision pour l&#039;inclusion","publisher":{"@id":"https:\/\/pointdevue.pro\/#organization"},"potentialAction":[{"@type":"SearchAction","target":{"@type":"EntryPoint","urlTemplate":"https:\/\/pointdevue.pro\/?s={search_term_string}"},"query-input":{"@type":"PropertyValueSpecification","valueRequired":true,"valueName":"search_term_string"}}],"inLanguage":"fr-FR"},{"@type":"Organization","@id":"https:\/\/pointdevue.pro\/#organization","name":"Point de vue","alternateName":"Eric Payan","url":"https:\/\/pointdevue.pro\/","logo":{"@type":"ImageObject","inLanguage":"fr-FR","@id":"https:\/\/pointdevue.pro\/#\/schema\/logo\/image\/","url":"https:\/\/pointdevue.pro\/wp-content\/uploads\/2022\/01\/EPN.JPG.jpg","contentUrl":"https:\/\/pointdevue.pro\/wp-content\/uploads\/2022\/01\/EPN.JPG.jpg","width":1280,"height":853,"caption":"Point de vue"},"image":{"@id":"https:\/\/pointdevue.pro\/#\/schema\/logo\/image\/"},"sameAs":["https:\/\/www.linkedin.com\/in\/eric-payan-9365041\/"]}]}</script>
<!-- / Yoast SEO plugin. -->

Les conférences Point de vue « Moi fragile et toi ? »Cette conférence a pour thématique principale le dépassement de soi.En relatant sa double expérience de déficient visuel et de ex-cadre supérieur de l&rsquo;industrie, Eric Payan montre en 3 clés, les leviers qui permettent le dépassement de soi.Une conférence forte en émotion [&hellip;]
